3
Suppose 26*w = 15*w - 55. Let q(s) = s**3 + 3*s**2 - 6*s + 2. Determine q(w).
-18
Let j(n) = -2*n + 3. Let b(o) = -o**3 + 5*o**2 - 6*o + 6. Let z be b(4). Let h be z/(-8) - 57/(-12). Calculate j(h).
-7
Let x(j) = -3*j. Let v(w) = 3*w - 1. Let z(n) = 3*v(n) + 4*x(n). Calculate z(-4).
9
Let i(w) = w**3 + 6*w**2 + 7*w + 7. Let y = 121 - 126. What is i(y)?
-3
Let q(n) = 4*n + 2. Let t(z) = 5*z. Let b(x) = x. Let p(l) = 4*b(l) - t(l). Suppose -2*v = -10, 10*h - 5*h - 5*v = 0. Let u(o) = h*p(o) + q(o). Give u(2).
0
Let m(i) = -i**3 - 6*i**2 + 9*i + 5. Let o be m(-7). Let a(r) = r + 3. Calculate a(o).
-6
Let w(v) = -v + 25 - 15 + 0 + 3. What is w(6)?
7
Let k(s) be the first derivative of -s**4/24 + s**2 - 2. Let j(d) be the second derivative of k(d). Let g(a) = a + 5. Let b be g(-3). What is j(b)?
-2
Let s(n) = -6*n - 7. Let k(u) = 48*u + 57. Let t(f) = 4*k(f) + 33*s(f). Let q be 1/(-4 - (-13)/(52/14)). Give t(q).
9
Let z(p) = 26 - 500*p + 258*p + 241*p. What is z(25)?
1
Suppose -w = 2*u - 5, 0*u + u = -4*w - 15. Let l(i) = -8 + 11 - 4*i + 5*i + 8. Determine l(w).
6
Suppose -4*x + 6 = -2. Let g(m) = 5*m - 3*m - m**2 - 7 + 8 - x*m**3. What is g(2)?
-15
Let m(n) = 2*n**2 + n + 0*n**2 - 2*n - 2. Let u(z) = 4*z**2 - 2*z - 4. Let v(g) = -15*g + 11. Let l be v(0). Let s(t) = l*m(t) - 6*u(t). What is s(2)?
-4
Let q(p) = -62*p**2 + 3*p + 11. Suppose 3*y - w + 7 = -31, 3*w = 5*y + 70. Let k(r) = -21*r**2 + r + 4. Let t(m) = y*k(m) + 4*q(m). What is t(1)?
-16
Let r be -6 - (4/14 + 2628/(-378)). Let b(v) be the second derivative of -9/2*v**2 - 1/20*v**5 + 0 + 5/12*v**4 + r*v**3 - 6*v. Give b(6).
-21
Let c(m) = 2*m - 1. Suppose 67 = 6*i + 7. Let h(b) = -b**3 + 9*b**2 + 11*b - 6. Let p be h(i). Give c(p).
7
Let d(c) = -2*c + 2. Let r be (-6)/(-39) - (-55)/65. Suppose -n = 7 + r. Let y be (-16)/(-3) + n/24. What is d(y)?
-8
Let h(s) be the first derivative of s**3/3 + 7*s**2/2 + 2*s + 7. Let c be (-216)/(-10) - 8/(-20). Let x = 17 - c. Calculate h(x).
-8
Let l(j) = -j**3 + 6*j**2 + 3*j - 5. Let r(o) = 9*o**2 - 8*o - 2. Let h(b) = -b**3 + b. Let x(p) = h(p) + r(p). Let q be x(8). Give l(q).
13
Let t = -18 + 5. Let v = 14 + t. Suppose n - 3 = v. Let k(a) = -a**3 + 4*a**2 - 4*a + 6. Determine k(n).
-10
Let t(f) = 4*f - 2. Let d(s) = -5*s + 2. Let a(h) = -5*d(h) - 6*t(h). Let p(q) = q**3 - 18*q**2 + 70*q + 4. Let n be p(6). Give a(n).
-6
Let d(h) = h**2 + 7*h - 1. Let j(t) = 2*t + 0 + 6*t + 7 + t**2. Let p be j(-7). Let z = -6 - p. Give d(z).
-7
Let t = 16 + -17. Let u(s) = -18*s**2 - 3*s + 11. Let k(n) = 6*n**2 + n - 4. Let w(c) = -11*k(c) - 4*u(c). Calculate w(t).
5
Let t(g) = g**3 + 4*g**2 + 3*g. Let x be t(-2). Let w(l) = 2 + 2 - 2*l + 2*l + 2*l - 4*l**2 - x*l**3. Give w(-3).
16
Suppose -2*m + 10 = 3*m. Let w(q) = 3 - 6*q**3 - 3*q**2 + 43*q + 7*q**3 - 47*q. Calculate w(m).
-9
Let g(n) = -17*n**2 - 19*n + 37. Let y(d) = 37*d**2 + 39*d - 75. Let j(q) = -13*g(q) - 6*y(q). Give j(9).
5
Let n(w) be the first derivative of w**6/360 - w**5/60 - w**4/12 + 4*w**3/3 - 10. Let t(j) be the third derivative of n(j). Determine t(4).
6
Let w(f) = 7*f + 3*f**2 - 2*f - 2*f**2. Let o = -39 + 44. Suppose o*x + r = -31, x - 4*r + 3 = 1. Calculate w(x).
6
Let k(m) = m**2 + 8*m - 18. Let b be k(6). Let u = -72 + b. Let h(a) = -a**2 - 6*a - 5. Calculate h(u).
-5
Let b(c) be the first derivative of -1/4*c**4 - 2*c - 1 + 1/2*c**2 - 4/3*c**3. Calculate b(-4).
-6
Suppose -5*h + a = -2*a - 11, 4*h - 4 = 4*a. Let v(n) = -5*n**2 + 9*n + 5. Let b(l) = -11*l**2 + 19*l + 11. Let w(k) = 4*b(k) - 9*v(k). Calculate w(h).
-5
Let i(v) be the second derivative of v**4/24 + v**3/6 + 9*v**2 - 27*v. Let l(c) be the first derivative of i(c). Determine l(-3).
-2
Let p(a) = -a**3 + a**2 + 2*a + 1. Let g(c) = -c**3 + 7*c**2 + 7*c + 2. Let v(s) = -g(s) + 2*p(s). What is v(-4)?
-4
Let f(v) = -4*v - 1 + v**3 + 2*v**2 + 0 - 5*v**2 + 5. Let k be ((-40)/50)/((-1)/5). Give f(k).
4
Let v(t) = -4*t**2 - 3*t - 3. Suppose -10*k = -11*k + 5. Suppose -3*o = -0*i - k*i + 2, i = -o - 6. What is v(i)?
-13
Let o(a) = a + 9. Let u be o(-5). Let n(s) be the third derivative of 0 + 2*s**2 + 0*s - 1/2*s**3 + 1/24*s**4. What is n(u)?
1
Suppose 8 = -4*c + 5*y, y + 4 = 4*c - y. Let o(d) = d - 6. Let v be o(c). Let p(b) = -b**3 - 3 + 282*b - 5*b**2 - 285*b + 0*b**3. Calculate p(v).
-12
Let d(f) = -f**3 - f**2 - 3*f + 1. Let x(s) = -7*s**2 - 12*s + 4. Let v(r) = d(r) - x(r). Determine v(6).
51
Let s = 167 - 176. Let m(y) = y**3 + 10*y**2 + 11*y + 10. What is m(s)?
-8
Suppose -5*l = -l. Suppose j - 2 = -l. Let q(h) = 2*h**2 - 3*h + 9. Let d(b) = 1. Let o(r) = 6*d(r) - q(r). Calculate o(j).
-5
Let n(p) = p**3 - 3*p**2 + 3*p. Let y(w) = w**3 - 25*w**2 + 22*w + 51. Let m be y(24). Determine n(m).
9
Let r(v) be the second derivative of -v**3/3 + 5*v**2/2 - 33*v + 2. Suppose -u + 2*z = -5*u + 16, u - 4*z = -5. Let h = 1 + u. Calculate r(h).
-3
Let a(o) be the first derivative of o**6/360 + o**5/20 - 5*o**4/24 - 10*o**3/3 + 1. Let z(g) be the third derivative of a(g). Give z(-6).
-5
Let i(d) be the third derivative of d**4/24 + 335*d**2. Suppose -o = -3*g + 2 + 1, -5*o + 5*g = 25. Determine i(o).
-6
Suppose 0 = 3*p - p - 4. Let j = p + -2. Let y(r) = -6*r - 5 + j*r + 1. Determine y(-4).
20
Let v(g) = -12*g - 15*g**2 + g**3 + g + 7*g**2 + 5. Determine v(9).
-13
Let k = 334 + -345. Let x(l) = l**2 + 12*l + 14. What is x(k)?
3
Let v(w) = w - 9. Suppose -62*g + 160 = -150. Calculate v(g).
-4
Suppose 0 = -2*n - 8, 3*h + 0*h + 11 = -5*n. Let r(q) = -q + 2*q**3 - 6 + h - q**3. Suppose 2*o = -0*o. Give r(o).
-3
Suppose 5*c - v = 14 + 4, 0 = -c + 5*v + 18. Let n(k) = 1 - 5 + 1 + k**2 + 6. Give n(c).
12
Let s = 81 + -61. Suppose -7*j - s = -11*j. Let v(g) = g**3 - 5*g**2 - 2*g - 1. What is v(j)?
-11
Let j(u) = -u**2 - 4*u - 2. Let v(w) = 23. Let t(s) = -s + 22. Let f(m) = 5*t(m) - 4*v(m). Let d be f(4). Give j(d).
2
Let f(u) = 0*u**3 + 8*u - 3 - 1169*u**2 + 1177*u**2 - u**3 + 17. Calculate f(9).
5
Let r(s) = 4*s**3 - 20*s**2 + 16*s - 10. Let v(o) = -3*o**3 + 13*o**2 - 10*o + 7. Let a(m) = -5*r(m) - 7*v(m). Determine a(-10).
1
Let i(z) = z**3 + 6*z**2 + 8*z - 4. Let f(p) = -4*p**2 + 33*p - 33. Let b be f(1). Determine i(b).
-4
Let x(p) = p + 3. Let c be x(-3). Let t(k) = 24*k - 78. Let g(r) = 7*r - 26. Let y(b) = 7*g(b) - 2*t(b). What is y(c)?
-26
Let n(w) be the third derivative of w**6/720 - 11*w**5/120 + 23*w**4/12 + 37*w**2. Let b(g) be the second derivative of n(g). Calculate b(8).
-3
Let d(l) be the second derivative of 0 - 1/6*l**3 + 14*l + 0*l**2. Give d(-5).
5
Let l(f) = -6*f - 48. Suppose r - 5*s - 6 + 14 = 0, 5*r - 3*s + 40 = 0. What is l(r)?
0
Let u(c) be the first derivative of c**2 - 7*c - 32. Calculate u(6).
5
Let c(d) be the first derivative of -d**4/4 - d**3/3 + d + 2. Let z = -16 + 36. Suppose r = -4*r - 5*w - z, -3*w = -3*r + 12. What is c(r)?
1
Let s(f) = 61*f + 4 - 4 + 5 - 31*f - 33*f. Let j be (-3)/((-3)/2) - 0. Let t = 7 - j. What is s(t)?
-10
Let n be 2 - ((-2)/2)/(-1). Let s be (-3)/(-2) - 15/(-10). Let r(o) = -o**s + o + 7*o**3 + o**2 - 2*o. Calculate r(n).
6
Suppose -4*l - 3 = -35. Let v(m) = -m + 18. Determine v(l).
10
Let o(q) = -2*q**2 - 8*q + 4. Let y be o(-4). Let v(l) = 2*l**3 - 3*l**2 - 7*l + 5. What is v(y)?
57
Let w(p) = -p**2 - 2*p - 3. Let b = 11 - 7. Let x(i) = -2*i**2 - 2*i - 3. Suppose -4*j + 15 = 27. Let f(u) = b*w(u) + j*x(u). Determine f(3).
9
Let s(w) be the first derivative of 2*w**2 - w - 1. Suppose 2*u = -2*u - 40. Let i = u - -11. Calculate s(i).
3
Let n = 61 - 55. Let x = 0 + 2. Let s(q) = -q + 3 + q**x + 3 - 5*q. Calculate s(n).
6
Let z(h) = -6*h**3 - 17355*h + 17357*h + 1 + 0*h**3. Give z(-1).
5
Let t(j) = -j**3 + 10*j**2 + 6*j. Let n(m) = -3*m**3 + 30*m**2 + 16*m + 1. Let z(g) = 3*n(g) - 8*t(g). Calculate z(10).
3
Let f(a) be the third derivative of 0 - 12*a**2 + 1/6*a**3 - 1/8*a**4 + 0*a + 1/15*a**5 - 1/120*a**6. Determine f(2).
3
Let z = 47 - 45. Let c(b) = -4*b**2 - 3*b + 8*b + 9 + 3*b**z + b. What is c(8)?
-7
Let z be -2 + 3 - 2/2. Let l(u) be the first derivative of u**2/2 - 2*u + 227. What is l(z)?
-2
Let x(d) = 5*d - 6. Let b be x(2). Suppose l - z - 2 = -2*z, 2*z + b = 0. Let g(j) = j**3 - 4*j**2 + 3*j. Give g(l).
12
Let s be (-2 + 8)/(4/(-2)). Let n be s*(-1 - (-6)/(-9)). Let i(y) = y